{"id":696,"date":"2026-01-12T16:24:01","date_gmt":"2026-01-12T16:24:01","guid":{"rendered":"https:\/\/noticiasilimitadas.pt\/digital\/?page_id=696"},"modified":"2026-01-12T16:47:41","modified_gmt":"2026-01-12T16:47:41","slug":"contacto","status":"publish","type":"page","link":"https:\/\/noticiasilimitadas.pt\/digital\/contacto\/","title":{"rendered":"Contacto"},"content":{"rendered":"\n<h2 class=\"wp-block-heading\"><mark style=\"background-color:rgba(0, 0, 0, 0)\" class=\"has-inline-color has-vivid-cyan-blue-color\">Quest\u00f5es comerciais:<\/mark><\/h2>\n\n\n\n<ul class=\"wp-block-list\">\n<li>Telefone: <a href=\"tel:+351222096172\" title=\"\">+351 222 096 172<\/a><br><\/li>\n\n\n\n<li>Email: <a href=\"mailto:publicidade@noticiasilimitadas.pt\" target=\"_blank\" rel=\"noopener\" title=\"\">publicidade@noticiasilimitadas.pt<\/a><\/li>\n<\/ul>\n\n\n\n<h2 class=\"wp-block-heading\"><mark style=\"background-color:rgba(0, 0, 0, 0)\" class=\"has-inline-color has-vivid-cyan-blue-color\">Quest\u00f5es t\u00e9cnicas:<\/mark><\/h2>\n\n\n\n<ul class=\"wp-block-list\">\n<li>Email: <a href=\"mailto:adops@noticiasilimitadas.pt\" target=\"_blank\" rel=\"noopener\" title=\"\">adops@noticiasilimitadas.pt<\/a><\/li>\n<\/ul>\n\n\n\n<p><\/p>\n","protected":false},"excerpt":{"rendered":"<p>Quest\u00f5es comerciais: Quest\u00f5es t\u00e9cnicas:<\/p>\n","protected":false},"author":1,"featured_media":0,"parent":0,"menu_order":0,"comment_status":"closed","ping_status":"closed","template":"","meta":{"om_disable_all_campaigns":false,"_monsterinsights_skip_tracking":false,"_monsterinsights_sitenote_active":false,"_monsterinsights_sitenote_note":"","_monsterinsights_sitenote_category":0,"footnotes":""},"class_list":["post-696","page","type-page","status-publish","hentry"],"_links":{"self":[{"href":"https:\/\/noticiasilimitadas.pt\/digital\/wp-json\/wp\/v2\/pages\/696","targetHints":{"allow":["GET"]}}],"collection":[{"href":"https:\/\/noticiasilimitadas.pt\/digital\/wp-json\/wp\/v2\/pages"}],"about":[{"href":"https:\/\/noticiasilimitadas.pt\/digital\/wp-json\/wp\/v2\/types\/page"}],"author":[{"embeddable":true,"href":"https:\/\/noticiasilimitadas.pt\/digital\/wp-json\/wp\/v2\/users\/1"}],"replies":[{"embeddable":true,"href":"https:\/\/noticiasilimitadas.pt\/digital\/wp-json\/wp\/v2\/comments?post=696"}],"version-history":[{"count":7,"href":"https:\/\/noticiasilimitadas.pt\/digital\/wp-json\/wp\/v2\/pages\/696\/revisions"}],"predecessor-version":[{"id":709,"href":"https:\/\/noticiasilimitadas.pt\/digital\/wp-json\/wp\/v2\/pages\/696\/revisions\/709"}],"wp:attachment":[{"href":"https:\/\/noticiasilimitadas.pt\/digital\/wp-json\/wp\/v2\/media?parent=696"}],"curies":[{"name":"wp","href":"https:\/\/api.w.org\/{rel}","templated":true}]}}